{"id":305,"date":"2021-05-16T15:59:14","date_gmt":"2021-05-16T13:59:14","guid":{"rendered":"http:\/\/sportymiejskie.pl\/?page_id=305"},"modified":"2026-04-01T12:17:36","modified_gmt":"2026-04-01T10:17:36","slug":"kontakt","status":"publish","type":"page","link":"https:\/\/sportymiejskie.pl\/index.php\/kontakt\/","title":{"rendered":"Wsp\u00f3\u0142praca"},"content":{"rendered":"\n<p>Sporty miejskie s\u0105 skutecznym narz\u0119dziem wspomagaj\u0105cym procesy odnowy lub transformacji teren\u00f3w oraz obiekt\u00f3w. S\u0105 cz\u0119sto jedyn\u0105 funkcj\u0105, kt\u00f3ra pozwala na zachowanie wa\u017cnych dla miejskiego krajobrazu obiekt\u00f3w               o r\u00f3\u017cnych pierwotnych funkcjach. Wiele przyk\u0142ad\u00f3w wskazuje r\u00f3wnie\u017c na to, \u017ce mo\u017cna dzi\u0119ki nim przeciwdzia\u0142a\u0107 zjawiskom marginalizacji lub wykluczenia spo\u0142ecznego. Sporty miejskie  mog\u0105 by\u0107 w zwi\u0105zku z tym wykorzystywane  w procesach rewitalizacji.<\/p>\n\n\n\n<p>Zapraszam do wsp\u00f3\u0142pracy przy programowaniu transformacji lub odnowy przestrzeni i obiekt\u00f3w w oparciu o sporty miejskie. <\/p>\n\n\n\n<p>dr in\u017c. arch.                                                                                                                Bogus\u0142aw Hajda<\/p>\n\n\n\n<p>sportymiejskiebh[at]gmail.com<\/p>\n","protected":false},"excerpt":{"rendered":"<p>Sporty miejskie s\u0105 skutecznym narz\u0119dziem wspomagaj\u0105cym procesy odnowy lub transformacji teren\u00f3w oraz obiekt\u00f3w. S\u0105 cz\u0119sto jedyn\u0105 funkcj\u0105, kt\u00f3ra pozwala na zachowanie wa\u017cnych dla miejskiego krajobrazu obiekt\u00f3w o r\u00f3\u017cnych pierwotnych funkcjach. Wiele przyk\u0142ad\u00f3w wskazuje r\u00f3wnie\u017c na to, \u017ce mo\u017cna dzi\u0119ki nim przeciwdzia\u0142a\u0107 zjawiskom marginalizacji lub wykluczenia spo\u0142ecznego. Sporty miejskie mog\u0105 by\u0107&#8230; <a class=\"continue-reading-link\" href=\"https:\/\/sportymiejskie.pl\/index.php\/kontakt\/\"> Continue reading <span class=\"meta-nav\">&rarr; <\/span><\/a><\/p>\n","protected":false},"author":1,"featured_media":0,"parent":0,"menu_order":0,"comment_status":"closed","ping_status":"closed","template":"","meta":{"footnotes":""},"_links":{"self":[{"href":"https:\/\/sportymiejskie.pl\/index.php\/wp-json\/wp\/v2\/pages\/305"}],"collection":[{"href":"https:\/\/sportymiejskie.pl\/index.php\/wp-json\/wp\/v2\/pages"}],"about":[{"href":"https:\/\/sportymiejskie.pl\/index.php\/wp-json\/wp\/v2\/types\/page"}],"author":[{"embeddable":true,"href":"https:\/\/sportymiejskie.pl\/index.php\/wp-json\/wp\/v2\/users\/1"}],"replies":[{"embeddable":true,"href":"https:\/\/sportymiejskie.pl\/index.php\/wp-json\/wp\/v2\/comments?post=305"}],"version-history":[{"count":22,"href":"https:\/\/sportymiejskie.pl\/index.php\/wp-json\/wp\/v2\/pages\/305\/revisions"}],"predecessor-version":[{"id":3759,"href":"https:\/\/sportymiejskie.pl\/index.php\/wp-json\/wp\/v2\/pages\/305\/revisions\/3759"}],"wp:attachment":[{"href":"https:\/\/sportymiejskie.pl\/index.php\/wp-json\/wp\/v2\/media?parent=305"}],"curies":[{"name":"wp","href":"https:\/\/api.w.org\/{rel}","templated":true}]}}